1*t + 6. Let l = 22 - 20. Suppose -l*w = -6*w - 72. Is 12 a factor of o(w)?
True
Let n = 18322 + -8229. Is n a multiple of 175?
False
Suppose -34*i - 198 - 40 = 0. Does 6 divide 734 - (i - -7)/7?
False
Let j(c) = 4*c**3 - 2*c**2 - c + 3. Let v be j(2). Suppose -v = -2*n - 15. Suppose -12*m + 510 = n*m. Is m a multiple of 10?
True
Suppose 2*m - 9567 = -34*h + 31*h, -4*m = -4*h - 19164. Does 76 divide m?
True
Suppose -4*z + j + 3747 = -2497, -5*j = -2*z + 3140. Is 13 a factor of (z/210)/(4/70)?
True
Let o = 23 - 18. Suppose q = -5*a - q, 0 = -a + o*q. Let n(x) = 2*x**3 + x**2 + 170. Is 17 a factor of n(a)?
True
Suppose 0 = 34*m - 863 + 81. Let u(c) = -c**3 + 23*c**2 + 9*c + 108. Does 15 divide u(m)?
True
Let u = 1112 + -1607. Let m = -435 - u. Is 5 a factor of m?
True
Let k be 2/(111/18 + -6). Let n(u) = 14*u - 36. Is n(k) a multiple of 60?
False
Let c = 150 + -149. Does 30 divide 457/c + (10 - 6)?
False
Let v(p) = -p**3 + 5*p**2 + 3*p - 7. Let c be v(6). Let w = 28 + c. Suppose -4*k = -2*d - 101 - 95, -w*k + 147 = 5*d. Is 13 a factor of k?
False
Suppose 0 = 45*l + 33 + 57. Is l + ((-21096)/4)/(-9) a multiple of 21?
False
Suppose -25*x - a - 5279 = -27*x, -5*x = -a - 13199. Is x a multiple of 15?
True
Let k be (-8)/3*(28/8 + -5). Let a be (-24)/36 + k/6. Let i = a - -21. Is 8 a factor of i?
False
Let f(b) = 265*b**2 - 60*b + 276. Does 221 divide f(5)?
False
Suppose -7*x = 4*q - 20947, -2*q = 2*x + 1789 - 12255. Does 4 divide q?
True
Let w(u) be the second derivative of 3*u**5/20 + u**4/6 - 11*u**3/6 + 17*u**2 - u + 45. Is w(5) a multiple of 34?
False
Suppose -125*t = -120*t - 2875. Let i = 936 - t. Is 26 a factor of i?
False
Let y(f) = 2*f**3 + 18*f**2 - f. Let n be y(-9). Suppose 5*k = -n*k + 6930. Is k a multiple of 33?
True
Let h(d) = 94*d + 492. Is 14 a factor of h(11)?
True
Let h(d) = d**3 + 3*d**2 - 5*d + 1. Let r be h(-4). Suppose 281 = r*s - y - 1139, 2*y - 580 = -2*s. Does 37 divide s?
False
Suppose 2*r + 3*h = -3*r + 5, 3*h = 2*r + 19. Let k(c) = -3 - 11*c - 4*c - 22*c - 2. Is k(r) a multiple of 13?
False
Let g = 72 - -268. Let f(z) = -z**2 - 7*z - 15. Let u be f(-3). Is 32 a factor of u/((-15)/g) - (0 - -3)?
False
Suppose -54*o + 157581 = 192384 - 532629. Does 171 divide o?
False
Let o = 46 + -43. Suppose -d - 2*q = -0*q, -o*q + 7 = 5*d. Suppose -d*t - 61 = -p, 3*t = -3*p + t + 183. Is 11 a factor of p?
False
Let z(a) = -1626*a + 3180. Is z(-22) a multiple of 18?
True
Is (-9)/(630/812)*-1400 a multiple of 203?
True
Let l be (2/(-3))/((-13)/(39/(-2))). Let p(j) = -8*j**3 + j + 1. Let t be p(l). Does 40 divide t*(188/16 + 3) + 2?
True
Let q = -119 - -109. Let j be (-160)/48*48/q. Let b(t) = t**2 - 12*t - 23. Does 4 divide b(j)?
False
Let k = -324 - -283. Let z = 3 - 14. Let q = z - k. Is 30 a factor of q?
True
Suppose -2*t = 3*q - q + 4, 5*t - q = 20. Suppose -x + t*r + 274 = 0, -287 = -3*x - 4*r + 600. Is 17 a factor of x?
True
Let s be 12/(-8)*(-56)/2. Is (-1876)/s*(-1 - (-4)/(-2)) a multiple of 64?
False
Let w(b) = -2*b + 3. Let p be w(-2). Let f(s) = 2*s**2 + 2*s - 16. Is f(p) a multiple of 8?
True
Let v(i) = i**3 - i**2 + i + 3. Let a be v(0). Suppose -w = -0*k + a*k - 1, -5*w - 4*k = -16. Is 4 a factor of 23 + (2*-4)/w?
False
Let f(r) = 11*r**2 + 10*r - 6. Let w be f(-17). Suppose 3*a - 9390 = -5*m, -3*a = -3*m + w + 2607. Suppose m = 9*t - 780. Does 59 divide t?
True
Suppose -5*p - 16 = -4*w, -5*p - 3*w = -p - 12. Suppose 7*l + 18 + 10 = p. Does 14 divide (84/9)/(l/(-42))?
True
Let w(r) = r**2 + 37*r + 30. Let s be w(0). Let m(y) = -2*y + 1. Let v be m(4). Let o = v + s. Is o a multiple of 10?
False
Let b be -5 - (294/(-3))/7. Suppose -2704 = -b*c + 4010. Does 62 divide c?
False
Suppose -5*t + 95 = 5*v, -62 = 4*t - 7*t - 4*v. Is 2 a factor of ((-259)/t + -3)*-4?
True
Let g = -22722 - -25791. Does 15 divide g?
False
Is 24 a factor of (((-57344)/(-160))/(-16))/((-2)/2965)?
False
Suppose 7*o = -28*o + 156380. Does 92 divide o?
False
Let c be (-396)/(-288) + 9/(-24). Is 31 a factor of (-4 - -700) + c/((-2)/(-8))?
False
Suppose 4*i - 2572 = 5*c - 907, 0 = 3*i - 5*c - 1245. Is i a multiple of 84?
True
Does 57 divide (-220)/2310 - ((-871592)/84 - -2)?
True
Suppose 393*l - 202*l - 5898080 = 0. Is 20 a factor of l?
True
Let l = 13323 - 6490. Is l a multiple of 20?
False
Let a(y) = y**2 + 21*y + 41. Let v be a(-17). Does 7 divide (1460/15)/((-6)/v*3)?
False
Suppose 9*a = 2*a. Suppose a = 14*i - 9*i - 880. Suppose z + 4*r - i = -39, 2*z + r = 309. Does 44 divide z?
False
Let g be 48/(1 + 3)*3/9. Does 20 divide (11 - -2189)*2/g?
True
Suppose -6*j + j + 91 = -3*k, -k = -4*j + 77. Let n = -26 + j. Let t(l) = l**2 + 6*l + 4. Is t(n) a multiple of 2?
True
Let r(t) = 2*t**3 - 3*t**2 + 1. Let k be r(2). Let d(y) = y**3 + 66*y**2 + 76*y + 705. Let f be d(-65). Is 32 a factor of 47 - (k/f)/(1/(-6))?
False
Let k be 30/(-75) - (2167/(-5) + -3). Let o = -232 + k. Is 29 a factor of o?
False
Suppose 2*p = -1905 + 849. Let x = p + 660. Is x a multiple of 12?
True
Suppose 41*m - 36 = 45*m. Let f(t) = t**2 + 7*t + 2. Let k be f(m). Suppose 3*i - k - 7 = 0. Does 9 divide i?
True
Let p(w) = 1. Let o(g) = 18*g + 52. Let r(y) = o(y) - 5*p(y). Let f be r(-14). Let t = f - -304. Does 11 divide t?
True
Suppose w - 25 = 4*u, 6*u = -5*w + u. Suppose 76 = -w*l + 91. Does 5 divide (3/(l/4))/((-40)/(-380))?
False
Let a be (-38)/(-10) - ((-153)/(-45))/(-17). Suppose 4*q - 4*m - 22 - 214 = 0, -a*q = -3*m - 239. Does 31 divide q?
True
Let f(g) = -546*g + 828. Is f(-4) a multiple of 156?
False
Let f(n) = -23 - 46*n + 75*n - 37. Is 6 a factor of f(5)?
False
Let x = 12583 + -11939. Is x a multiple of 46?
True
Is (2 + -9)*(10 + 1424)*8/(-28) a multiple of 3?
True
Let z = 20995 - -1195. Is 10 a factor of z?
True
Let t(f) = -3*f**3 - 3*f**2 - 5*f - 15. Let b be t(-3). Let d be 5 - (b/21 + (-6)/(-14)). Is (-43 - -3)*d/(-5)*21 a multiple of 42?
True
Let s = 224 + -220. Suppose -2*c + 1235 = -z, -z = s - 1. Is 28 a factor of c?
True
Suppose -2*c + 2 = -6, 4*y = -4*c. Is 26 a factor of 1 + -1 - 3822/(-3 + y)?
True
Let i be 3/((-39)/(-108) - (-1)/(-4)). Does 8 divide (-4)/(i/(-6) + 5 + -1)?
True
Let c(r) = 25*r**2 + 11*r + 32. Suppose -5*a + 4 = -v - 9, 0 = 5*v + a + 13. Is 14 a factor of c(v)?
True
Is (-32122)/(-18) + 4/9 a multiple of 13?
False
Let h(o) = 151*o**2 + 38*o + 279. Is 234 a factor of h(-9)?
True
Let w = 28 + -29. Let r = -4 - w. Is 19 a factor of (-568)/(-6) - (r/9 - 0)?
True
Does 104 divide 49/(-7) - (-56833)/7?
True
Suppose -5*k + 1027 = -4*c, c + 4*k = 5*k - 257. Let v = -574 - -401. Let n = v - c. Does 10 divide n?
False
Let m be 1/(-6)*2 + (-20)/(-6). Suppose -m = w - 8. Suppose -17 + 52 = w*d. Is d a multiple of 7?
True
Let a = -54 - -65. Let j be (1 + 0/3)*(-1 + a). Let g = j + 54. Is 6 a factor of g?
False
Suppose 19*f = 58*f - 55848. Does 48 divide f?
False
Let d(b) = b**3 + 12*b**2 - 20*b + 26. Let v(f) = 8*f + 83. Let j be v(-12). Does 11 divide d(j)?
False
Suppose -10*c + 14484 = -38116. Does 20 divide c?
True
Let i = 29542 - 10857. Is i a multiple of 53?
False
Suppose -4*r = 5*m - 93, 4*m - 57 = m - 2*r. Suppose 0 = 9*i - m*i + 4416. Does 16 divide i?
True
Let o = 18393 - 9975. Is 69 a factor of o?
True
Suppose -11*i + 22 = -0*i. Suppose 4*u - 15 = -3*w - 2*w, -3*u + 6 = i*w. Suppose u = 3*g - 34 - 2. Does 12 divide g?
True
Let k be (-1)/(-2)*(-108)/(-6). Suppose k*a - 4*a = 490. Suppose v + a = z - 46, -4*v = -z + 147. Does 13 divide z?
True
Let j(l) = -l + 3 - 1 + 12*l**2 - 1. Let i(g) = g**3 + 25*g**2 - 117*g - 30. Let t be i(-29). Does 14 divide j(t)?
True
Let p = 32 - 69. Let b = 1874 - 1927. Let g = p - b. Is g a multiple of 4?
True
Let x(b) = -3*b + 55. Let l be x(-10). Suppose 3*d = -2*p - 201, 6*d = d + 2*p - 351. Let k = l + d. Is k a multiple of 5?
False
Suppose 60*w - 71*w = 142890. Is (-1)/((w/1443 - -5) + 4) a multiple of 26?
False
Suppose 7 + 41 = 2*o. Let u be 3*(o/9 - 2). Suppose -4*f - 4*b = -2*f - 236, u*f - 261 = b. Does 32 divide f?
True
Suppose -6160 = -4*b - 3*u, 11*u - 12*u = -b + 1540. Is 11 a factor of b?
True
Let x = -119 + 115. Does 15 divide (-876)/(-6)*(-1 - x/2)?
False
Let v = -113 + 115. Suppose -5*h - v*p + 144 = 0, 4*h + p = -3*p + 120. Is 14 a factor of h?
True
Let c = 87291 + -28401. Is c a multiple of 10?
True
Let